ds digit of 223625?
2
What is the thousands digit of 4359668?
9
What is the tens digit of 222809?
0
What is the ten thousands digit of 276538?
7
What is the tens digit of 341687?
8
What is the tens digit of 237229?
2
What is the units digit of 174375?
5
What is the hundreds digit of 25759137?
1
What is the thousands digit of 646540?
6
What is the hundred thousands digit of 500992?
5
What is the millions digit of 15653515?
5
What is the ten thousands digit of 4168598?
6
What is the hundreds digit of 447145?
1
What is the millions digit of 1849562?
1
What is the tens digit of 61547?
4
What is the hundred thousands digit of 805976?
8
What is the ten millions digit of 23158117?
2
What is the units digit of 22151?
1
What is the hundred thousands digit of 207174?
2
What is the units digit of 1563245?
5
What is the hundreds digit of 3073966?
9
What is the hundreds digit of 3295918?
9
What is the hundred thousands digit of 237133?
2
What is the thousands digit of 14403230?
3
What is the tens digit of 69309?
0
What is the hundred thousands digit of 3269080?
2
What is the ten thousands digit of 3633624?
3
What is the millions digit of 4039557?
4
What is the ten thousands digit of 6043385?
4
What is the tens digit of 5581920?
2
What is the millions digit of 8190860?
8
What is the hundreds digit of 3903459?
4
What is the ten thousands digit of 2473224?
7
What is the tens digit of 3040753?
5
What is the units digit of 4460642?
2
What is the thousands digit of 301949?
1
What is the thousands digit of 239439?
9
What is the tens digit of 4115733?
3
What is the hundred thousands digit of 612008?
6
What is the units digit of 6907728?
8
What is the tens digit of 142984?
8
What is the millions digit of 1412599?
1
What is the hundred thousands digit of 241942?
2
What is the ten thousands digit of 19205019?
0
What is the tens digit of 1811105?
0
What is the tens digit of 2271223?
2
What is the ten thousands digit of 3986220?
8
What is the hundreds digit of 11321034?
0
What is the ten thousands digit of 4836421?
3
What is the hundreds digit of 1300028?
0
What is the tens digit of 2565049?
4
What is the thousands digit of 647419?
7
What is the millions digit of 3628581?
3
What is the units digit of 1311414?
4
What is the ten thousands digit of 429173?
2
What is the thousands digit of 612076?
2
What is the ten thousands digit of 160789?
6
What is the tens digit of 30381?
8
What is the millions digit of 11417429?
1
What is the ten thousands digit of 12559934?
5
What is the tens digit of 9025093?
9
What is the hundred thousands digit of 328173?
3
What is the ten thousands digit of 214842?
1
What is the tens digit of 1082726?
2
What is the tens digit of 60843?
4
What is the millions digit of 2151206?
2
What is the units digit of 840763?
3
What is the ten thousands digit of 14673615?
7
What is the tens digit of 99357?
5
What is the thousands digit of 11828775?
8
What is the tens digit of 79716?
1
What is the hundreds digit of 1016574?
5
What is the ten thousands digit of 11043770?
4
What is the units digit of 8648252?
2
What is the hundred thousands digit of 156029?
1
What is the hundred thousands digit of 604598?
6
What is the hundreds digit of 273922?
9
What is the tens digit of 243015?
1
What is the ten thousands digit of 358190?
5
What is the thousands digit of 2696362?
6
What is the tens digit of 238487?
8
What is the units digit of 26656804?
4
What is the units digit of 468178?
8
What is the ten thousands digit of 98738?
9
What is the units digit of 51865?
5
What is the hundreds digit of 110163?
1
What is the hundred thousands digit of 554472?
5
What is the millions digit of 5616771?
5
What is the ten thousands digit of 374384?
7
What is the ten thousands digit of 7379146?
7
What is the ten thousands digit of 3693170?
9
What is the units digit of 1108987?
7
What is the tens digit of 184375?
7
What is the units digit of 275668?
8
What is the hundred thousands digit of 242161?
2
What is the thousands digit of 15456248?
6
What is the millions digit of 7483712?
7
What is the thousands digit of 1842808?
2
What is the units digit of 608006?
6
What is the millions digit of 1563016?
1
What is the hundreds digit of 5935988?
9
What is the thousands digit of 139036?
9
What is the units digit of 1439743?
3
What is the tens digit of 24527547?
4
What is the thousands digit of 1107163?
7
What is the thousands digit of 35015034?
5
What is the thousands digit of 1627?
1
What is the millions digit of 3980221?
3
What is the ten thousands digit of 623860?
2
What is the ten millions digit of 10703016?
1
What is the ten thousands digit of 3650610?
5
What is the ten thousands digit of 28341260?
4
What is the hundred thousands digit of 1015899?
0
What is the ten thousands digit of 12834?
1
What is the hundreds digit of 289466?
4
What is the units digit of 362188?
8
What is the tens digit of 3526324?
2
What is the hundred thousands digit of 4544393?
5
What is the ten thousands digit of 14152584?
5
What is the tens digit of 93928?
2
What is the ten millions digit of 13583319?
1
What is the tens digit of 3903140?
4
What is the units digit of 361125?
5
What is the ten thousands digit of 54965?
5
What is the ten thousands digit of 1008110?
0
What is the ten thousands digit of 2455876?
5
What is the ten thousands digit of 443000?
4
What is the tens digit of 3514276?
7
What is the ten thousands digit of 8641569?
4
What is the tens digit of 5895090?
9
What is the units digit of 343152?
2
What is the tens digit of 5188931?
3
What is the ten thousands digit of 24145886?
4
What is the ten thousands digit of 4063320?
6
What is the ten thousands digit of 350884?
5
What is the units digit of 9892375?
5
What is the hundred thousands digit of 235655?
2
What is the tens digit of 4274808?
0
What is the hundreds digit of 105583?
5
What is the tens digit of 4539566?
6
What is the units digit of 20630537?
7
What is the hundred thousands digit of 358729?
3
What is the thousands digit of 302279?
2
What is the ten thousands digit of 579738?
7
What is the units digit of 12861949?
9
What is the millions digit of 4319775?
4
What is the thousands digit of 8949417?
9
What is the thousands digit of 4793060?
3
What is the millions digit of 9799826?
9
What is the thousands digit of 1154639?
4
What is the thousands digit of 27273191?
3
What is the tens digit of 1739362?
6
What is the tens digit of 175325?
2
What is the ten thousands digit of 786546?
8
What is the units digit of 1000864?
4
What is the units digit of 400746?
6
What is the hundreds digit of 2607426?
4
What is the thousands digit of 633457?
3
What is the units digit of 554292?
2
What is the ten thousands digit of 18337505?
3
What is the hundreds digit of 1279224?
2
What is the tens digit of 565653?
5
What is the hundred thousands digit of 113337?
1
What is the hundred thousands digit of 192472?
1
What is the thousands digit of 52171?
2
What is the ten thousands digit of 2246638?
4
What is the ten thousands digit of 732222?
3
What is the tens digit of 4775769?
6
What is the units digit of 174635?
5
What is the hundred thousands digit of 10209513?
2
What is the thousands digit of 2081047?
1
What is the tens digit of 487486?
8
What is the hundreds digit of 942893?
8
What is the hundred thousands digit of 14735058?
7
What is the hundred thousands digit of 1426533?
4
What is the ten thousands digit of 2247528?
4
What is the thousands digit of 2567585?
7
What is the ten thousands digit of 646769?
4
What is the tens digit of 179140?
4
What is the hundreds digit of 2508140?
1
What is the units digit of 951377?
7
What is the tens digit of 146544?
4
What is the hundred thousands digit of 1452665?
4
What is the tens digit of 4029162?
6
What is the thousands digit of 370183?
0
What is the units digit of 165089?
9
What is the hundreds digit of 299321?
3
What is the units digit of 5969315?
5
What is the hundreds digit of 4063745?
7
What is the millions digit of 1448868?
1
What is the hundred thousands digit of 8211245?
2
What is the units digit of 397135?
5
What is the millions digit of 1791157?
1
What is the hundreds digit of 740306?
3
What is the thousands digit of 5897111?
7
What is the thousands digit of 127156?
7
What is the thousands digit of 1167766?
7
What is 